alculate the remainder when b is divided by 26.
24
Suppose 0 = -5*o - 20*o + 325. Suppose g - 3*t - 2*t + 1 = 0, t = g - 3. What is the remainder when o is divided by g?
1
Suppose 0*o = -2*z + o + 291, 2*z - 289 = -o. What is the remainder when z is divided by -111*(4/(-4))/3?
34
Let f(d) = -d**3 + 4*d**2 - 3*d + 4. What is the remainder when 6 is divided by f(3)?
2
Let h be (-4)/(-3)*(0 - 6). Let t = 37 + h. Let f(w) = -3*w + 1. Calculate the remainder when t is divided by f(-3).
9
Suppose 7 = 2*o - 23. Suppose -9 - 47 = -4*a. Suppose -l = -57 + a. Calculate the remainder when l is divided by o.
13
Suppose -91 - 23 = -3*p. Suppose -b + p - 1 = 0. Let z(r) = -r**3 + 5*r**2 - 2*r + 5. Calculate the remainder when b is divided by z(4).
11
Let f = -8 - -22. Calculate the remainder when 2/(6/159 + 0) is divided by f.
11
Let r(o) = -o**2 + 16*o - 9. Calculate the remainder when r(6) is divided by (3/6)/((-2)/(-52)).
12
What is the remainder when 30 is divided by 126/8 + 6/24?
14
Calculate the remainder when (3 + (-24)/6)*-8 is divided by 7.
1
Let x = -48 - -64. Calculate the remainder when 77 is divided by x.
13
Suppose -5*j + 78 = -2*j. Calculate the remainder when 103 is divided by j.
25
Let z = -15 - 9. Let o = z + 31. What is the remainder when o is divided by 5?
2
Suppose -2*j + 3*j - 43 = 0. Let r = j + -25. Calculate the remainder when r is divided by 10.
8
Suppose -2*t = t - 4*k - 48, 0 = -2*k - 6. Let c = 17 - t. Suppose q + 3*q - 13 = -5*r, 36 = 3*q - c*r. Calculate the remainder when q is divided by 4.
3
Let t = 8 + 61. What is the remainder when t is divided by 24?
21
Let m = 3 - 1. Suppose f - 102 = -m*f. Let k = 30 - 21. Calculate the remainder when f is divided by k.
7
Let y be 21/4 - 3/12. Suppose 0 = y*j - 20, -p = 2*p - 5*j + 5. Let n = -1 - -9. What is the remainder when n is divided by p?
3
Let p(r) = r**3 - 2*r**2 + 2*r - 4. Suppose 6*m - 80 = 2*m. What is the remainder when m is divided by p(3)?
9
Suppose -26*o + 24*o = -68. Calculate the remainder when o is divided by 9.
7
What is the remainder when 471/9*(10 - 7) is divided by 32?
29
What is the remainder when (-1 + (-4)/(-12))*-93 is divided by 8?
6
Let z(p) = -p - 16. Let t be z(-10). Let l = 22 + t. Calculate the remainder when l is divided by 6.
4
Let s(f) = f**2 + 7*f - 8. Let c be s(-7). What is the remainder when (4/c)/((-4)/200) is divided by 7?
4
Let p = -41 - -60. Suppose 2186 = 4*y + f - 3*f, 2180 = 4*y + 4*f. What is the remainder when y/10 - 4/(-10) is divided by p?
17
Suppose 2*c - v = 87, 2*c + 4*v - 211 = -3*c. Suppose -2*k + 17 = -13. Calculate the remainder when c is divided by k.
13
Calculate the remainder when (-747)/(-7) + 4/14 is divided by 36.
35
Calculate the remainder when 26 - 3 - (0 + 1) is divided by 6/9 + (-16)/(-3).
4
Calculate the remainder when 56 is divided by 2/7 + 414/21.
16
Suppose -4*l = -5*h - 232, l = -3*h + h + 58. Calculate the remainder when l is divided by 12.
10
Let r(i) = 5*i - 9. Calculate the remainder when 25/((15/6)/5) is divided by r(7).
24
Suppose 5*g + 15 = 5*p, 12 = -5*g - 3*p + 5*p. What is the remainder when 9 is divided by (-1 - g)*(3 - -2)?
4
What is the remainder when 26 is divided by ((-2)/6)/(1/(-27))?
8
Let t = -8 - -11. Calculate the remainder when (12 - (-4 - -4)) + -3 is divided by t.
0
Suppose 2*d - 45 = 2*a + 35, d - 60 = -4*a. Let y(n) = n**2 - n + 15. What is the remainder when d is divided by y(0)?
14
Let w(v) = v**3 + 5*v**2 + v + 5. Let z be w(-5). Suppose d - 3*d + 76 = 5*i, i - 4 = z. What is the remainder when d is divided by 15?
13
Suppose 0 = n - 15 - 42. Calculate the remainder when n is divided by 15.
12
Let w = 29 - 7. Calculate the remainder when 64 is divided by w.
20
Let b be 54*(-2)/(6/(-9)). Suppose 5*q - b = 23. Calculate the remainder when q is divided by (14 - 1)*2/2.
11
Let m(v) = -v**2 - 7*v - 9. Let d = 0 + 1. Calculate the remainder when m(-5) is divided by d.
0
Suppose 2*z + 3 = 7. What is the remainder when 64 is divided by 20 + -1 + (5 - z)?
20
Suppose 0*c = -3*c - 9. Suppose 0 = -3*r - 3*i - 27, 2*i + 3*i = 5*r + 75. Calculate the remainder when (r/c - -2) + -2 is divided by 3.
1
Let q be (-2)/(-9) - (-192)/108. Suppose -8 = s - q*s + 4*h, 3*h = -3*s + 9. Calculate the remainder when 9 is divided by s.
1
Suppose -2*d = 32 - 100. Let x be 1/(-1*2/10). Let w = 17 + x. What is the remainder when d is divided by w?
10
Let b be 35 + 3/(0 - 3). Suppose 0 = 3*u - b + 4. What is the remainder when 28 is divided by u?
8
Suppose -12*t = -13*t + 207. Calculate the remainder when t is divided by 35.
32
Suppose 7*d = 2*d + 20. Suppose -7 = 3*n + d*f, 4*n + 4*f + 11 + 5 = 0. Let g(z) = z**2 + 7*z + 1. Calculate the remainder when g(n) is divided by 10.
9
Suppose 3*f = 5*w - 6*w + 193, 2*f = -4*w + 752. Let g = 64 - w. Calculate the remainder when g/(-9) + (-2)/(-6) is divided by 8.
6
Let l = -19 - -23. Calculate the remainder when 19 is divided by l.
3
Suppose 2*u - 4 - 18 = -4*j, -u = 4*j - 19. Suppose 2*k - 3 = -k. Suppose 0 = 2*q - 5 + k. What is the remainder when u is divided by q?
1
Let z(u) = 25*u + 10. Calculate the remainder when z(3) is divided by 11.
8
Let l(b) = -48*b**3 + b. What is the remainder when l(-1) is divided by 3/(-9) + (-148)/(-12)?
11
What is the remainder when (48/(-36))/((-2)/147) is divided by 11?
10
Suppose 0 = 5*h - 25, 4*k - 2 + 6 = 4*h. Calculate the remainder when 9 is divided by k.
1
Suppose -s - 15 = 4*l, l + 11 = -3*s - 12. Let m = 16 + s. What is the remainder when m is divided by 6?
3
Let f(b) = -2 - 6*b - 4*b + 0. What is the remainder when 109 is divided by f(-3)?
25
Suppose -48 = -5*q + 3*g, 0 = -3*g + 12. What is the remainder when 47 is divided by q?
11
Suppose 0 = -5*l - h - 0*h + 88, -29 = -l - 4*h. Let f = -86 - -135. Calculate the remainder when f is divided by l.
15
What is the remainder when (1/(-4)*-17)/((-1)/(-28)) is divided by 8?
7
Let z(d) = d + 26. Calculate the remainder when z(-11) is divided by 4.
3
Let m(v) = 7*v - 1. Suppose -12*i - 63 = -15*i. What is the remainder when m(6) is divided by i?
20
Suppose 50 = 3*v + 2*v. Let o be (-18)/27*(-3)/1. Let k = 21 - o. Calculate the remainder when k is divided by v.
9
Let p(s) = -s**2 + s + 4. Let b(d) = d**2 - 2*d - 9. What is the remainder when b(-4) is divided by p(0)?
3
Suppose -17 = 4*g - 5*g. What is the remainder when 66 is divided by g?
15
Let g(x) = 7*x - 15. Let k = 5 + 10. What is the remainder when g(6) is divided by k?
12
Let a be -2 - 0 - (-10 + 4). Suppose 4*c - 296 = -4*j, 2*c = 5*j + a*c - 355. Calculate the remainder when j is divided by 18.
15
Suppose 3*j + 0*j = -12. Let t(q) be the second derivative of q**5/20 + 5*q**4/12 + 5*q**2/2 - 3*q. Calculate the remainder when t(j) is divided by 11.
10
Calculate the remainder when (-1569)/(-15) + ((-14)/(-10) - 1) is divided by 22.
17
Let x = -39 - -61. Let a(y) = -y**2 - 8*y - 4. Calculate the remainder when x is divided by a(-6).
6
What is the remainder when (-572)/(-6) + (-24)/(-36) is divided by 25?
21
Suppose 0 = 4*k - 5 - 3, -5*k = y + 15. Let p be 10/y - (-4)/10. Suppose p = -4*m + 4 + 4. What is the remainder when m is divided by 1?
0
Suppose -4*m + 3*h + 38 = -0*h, -2*m - 2*h + 12 = 0. Suppose m*b = 4*b + 148. What is the remainder when b is divided by 20?
17
Suppose 2*v = -2*f + 7*f - 65, -3*f - v = -28. What is the remainder when f is divided by 6?
5
Suppose -2*s - n + 2 = 0, -3*s - 2*n - 3*n - 11 = 0. Let o(q) be the third derivative of -5*q**4/24 - q**2. What is the remainder when o(-1) is divided by s?
2
Let t(g) be the second derivative of g**3/6 + 2*g**2 + 2*g. What is the remainder when 29 is divided by t(6)?
9
Calculate the remainder when -185*(3 + 51/(-15)) is divided by 19.
17
Suppose -4*s = 16, 5*s - 166 = -b - b. Calculate the remainder when b is divided by 20.
13
Suppose 0*d = 5*d - 5. What is the remainder when 1 is divided by d?
0
Let m = 16 + 215. Let n(o) = 2*o**2 - 15*o + 6. Let j be n(11). Suppose -4*r - j = -m. Calculate the remainder when r is divided by 19.
18
Suppose 0 = 5*h - 152 - 53. What is the remainder when 160 is divided by h?
37
Let f(x) = 0*x + 1 + 0*x + 13*x**2. Calculate the remainder when f(1) is divided by 5.
4
Suppose 0 = 2*d + h + 3*h - 26, 2*h - 3 = d. Suppose 26 + 194 = 4*a. Supp